{"id":40,"date":"2018-03-15T15:40:44","date_gmt":"2018-03-15T14:40:44","guid":{"rendered":"http:\/\/html.brunnereichhof.ch\/domains\/lohnjaeterei.ch\/?page_id=40"},"modified":"2026-02-15T10:31:11","modified_gmt":"2026-02-15T09:31:11","slug":"agb","status":"publish","type":"page","link":"https:\/\/html.brunnereichhof.ch\/domains\/lohnjaeterei.ch\/agb\/","title":{"rendered":"AGB"},"content":{"rendered":"<h2>Allgemeine Gesch\u00e4ftsbedingungen<\/h2>\n<p>Das Wichtigste in K\u00fcrze:<\/p>\n<ul>\n<li>Die Fahrzeit gilt als Arbeitszeit.<\/li>\n<li>Wir verrechnen keine Km-Entsch\u00e4digung, diese ist im ordentlichen<br \/>\nStundenansatz integriert.<\/li>\n<li>Der Kunde stellt\u00a0 geeignete Infrastruktur f\u00fcr die Verpflegung zur Verf\u00fcgung (Tische, WC, \u201eSch\u00e4rme\u201c\/Schatten).<\/li>\n<li>Unser Angebot umfast allgemein &#8222;Landwirtschaftliche Handarbeit&#8220;, nicht nur J\u00e4tarbeiten wie der Name &#8222;Lohnj\u00e4terei&#8220; suggerieren k\u00f6nnte \ud83d\ude09<\/li>\n<\/ul>\n<p>Die vollst\u00e4ndigen AGB&#8217;s findest du im <a href=\"https:\/\/rapport-brunnereichhof.ch\/\">Kundenportal<\/a><\/p>\n<hr \/>\n","protected":false},"excerpt":{"rendered":"<p>Allgemeine Gesch\u00e4ftsbedingungen Das Wichtigste in K\u00fcrze: Die Fahrzeit gilt als Arbeitszeit. Wir verrechnen keine Km-Entsch\u00e4digung, diese ist im ordentlichen Stundenansatz integriert. Der Kunde stellt\u00a0 geeignete Infrastruktur f\u00fcr die Verpflegung zur Verf\u00fcgung (Tische, WC, \u201eSch\u00e4rme\u201c\/Schatten). Unser Angebot umfast allgemein &#8222;Landwirtschaftliche Handarbeit&#8220;, nicht nur J\u00e4tarbeiten wie der Name &#8222;Lohnj\u00e4terei&#8220; suggerieren k\u00f6nnte \ud83d\ude09 Die vollst\u00e4ndigen AGB&#8217;s findest du &hellip; <\/p>\n<p class=\"link-more\"><a href=\"https:\/\/html.brunnereichhof.ch\/domains\/lohnjaeterei.ch\/agb\/\" class=\"more-link\"><span class=\"screen-reader-text\">\u201eAGB\u201c <\/span>weiterlesen<\/a><\/p>\n","protected":false},"author":5,"featured_media":0,"parent":0,"menu_order":0,"comment_status":"closed","ping_status":"closed","template":"","meta":{"_coblocks_attr":"","_coblocks_dimensions":"","_coblocks_responsive_height":"","_coblocks_accordion_ie_support":"","_crdt_document":"","om_disable_all_campaigns":false,"_uag_custom_page_level_css":"","advgb_blocks_editor_width":"","advgb_blocks_columns_visual_guide":"","_monsterinsights_skip_tracking":false,"_monsterinsights_sitenote_active":false,"_monsterinsights_sitenote_note":"","_monsterinsights_sitenote_category":0,"_uf_show_specific_survey":0,"_uf_disable_surveys":false,"footnotes":""},"class_list":["post-40","page","type-page","status-publish","hentry"],"lang":"de","translations":{"de":40,"fr":517},"uagb_featured_image_src":{"full":false,"thumbnail":false,"medium":false,"medium_large":false,"large":false,"1536x1536":false,"2048x2048":false,"twentyseventeen-featured-image":false,"twentyseventeen-thumbnail-avatar":false},"uagb_author_info":{"display_name":"Stefan Brunner","author_link":"https:\/\/html.brunnereichhof.ch\/domains\/lohnjaeterei.ch\/author\/stefan\/"},"uagb_comment_info":0,"uagb_excerpt":"Allgemeine Gesch\u00e4ftsbedingungen Das Wichtigste in K\u00fcrze: Die Fahrzeit gilt als Arbeitszeit. Wir verrechnen keine Km-Entsch\u00e4digung, diese ist im ordentlichen Stundenansatz integriert. Der Kunde stellt\u00a0 geeignete Infrastruktur f\u00fcr die Verpflegung zur Verf\u00fcgung (Tische, WC, \u201eSch\u00e4rme\u201c\/Schatten). Unser Angebot umfast allgemein &#8222;Landwirtschaftliche Handarbeit&#8220;, nicht nur J\u00e4tarbeiten wie der Name &#8222;Lohnj\u00e4terei&#8220; suggerieren k\u00f6nnte \ud83d\ude09 Die vollst\u00e4ndigen AGB&#8217;s findest du&hellip;","coauthors":[],"author_meta":{"author_link":"https:\/\/html.brunnereichhof.ch\/domains\/lohnjaeterei.ch\/author\/stefan\/","display_name":"Stefan Brunner"},"relative_dates":{"created":"Ver\u00f6ffentlicht 8\u00a0Jahren vor","modified":"Aktualisiert 3\u00a0Monaten vor"},"absolute_dates":{"created":"Ver\u00f6ffentlicht am 15-03-18","modified":"Aktualisiert am 15-02-26"},"absolute_dates_time":{"created":"Ver\u00f6ffentlicht am 15-03-18 15:40","modified":"Aktualisiert am 15-02-26 10:31"},"featured_img_caption":"","featured_img":false,"series_order":"","pll_sync_post":[],"_links":{"self":[{"href":"https:\/\/html.brunnereichhof.ch\/domains\/lohnjaeterei.ch\/wp-json\/wp\/v2\/pages\/40","targetHints":{"allow":["GET"]}}],"collection":[{"href":"https:\/\/html.brunnereichhof.ch\/domains\/lohnjaeterei.ch\/wp-json\/wp\/v2\/pages"}],"about":[{"href":"https:\/\/html.brunnereichhof.ch\/domains\/lohnjaeterei.ch\/wp-json\/wp\/v2\/types\/page"}],"author":[{"embeddable":true,"href":"https:\/\/html.brunnereichhof.ch\/domains\/lohnjaeterei.ch\/wp-json\/wp\/v2\/users\/5"}],"replies":[{"embeddable":true,"href":"https:\/\/html.brunnereichhof.ch\/domains\/lohnjaeterei.ch\/wp-json\/wp\/v2\/comments?post=40"}],"version-history":[{"count":35,"href":"https:\/\/html.brunnereichhof.ch\/domains\/lohnjaeterei.ch\/wp-json\/wp\/v2\/pages\/40\/revisions"}],"predecessor-version":[{"id":1696,"href":"https:\/\/html.brunnereichhof.ch\/domains\/lohnjaeterei.ch\/wp-json\/wp\/v2\/pages\/40\/revisions\/1696"}],"wp:attachment":[{"href":"https:\/\/html.brunnereichhof.ch\/domains\/lohnjaeterei.ch\/wp-json\/wp\/v2\/media?parent=40"}],"curies":[{"name":"wp","href":"https:\/\/api.w.org\/{rel}","templated":true}]}}