{"id":517,"date":"2021-02-09T14:38:05","date_gmt":"2021-02-09T13:38:05","guid":{"rendered":"https:\/\/html.brunnereichhof.ch\/domains\/lohnjaeterei.ch\/?page_id=517"},"modified":"2024-03-04T11:48:20","modified_gmt":"2024-03-04T10:48:20","slug":"lessentiel-en-bref","status":"publish","type":"page","link":"https:\/\/html.brunnereichhof.ch\/domains\/lohnjaeterei.ch\/lessentiel-en-bref\/","title":{"rendered":"L&#8217;essentiel en bref:"},"content":{"rendered":"\n<ul class=\"wp-block-list\">\n<li>Le temps de trajet compte comme temps de travail.<\/li>\n\n\n\n<li>Nous ne facturons aucune compensation de km, celle-ci est int\u00e9gr\u00e9e au tarif horaire r\u00e9gulier<\/li>\n\n\n\n<li>Le client met \u00e0 disposition une infrastructure adapt\u00e9e pour la restauration (tables, toilettes, &#8222;Sch\u00e4rme&#8220; \/ ombre).<\/li>\n\n\n\n<li>\u00c0 partir de 2024, le prix de l&#8217;heure est de 26.30 CHF plus 2,6% de TVA.<\/li>\n<\/ul>\n\n\n\n<hr class=\"wp-block-separator has-css-opacity\"\/>\n\n\n\n<p class=\"wp-block-paragraph\"><a href=\"https:\/\/html.brunnereichhof.ch\/domains\/lohnjaeterei.ch\/wp-content\/uploads\/2018\/03\/AGB-2018_Lohnj\u00e4terei_BrunnerEichhof.pdf\" target=\"_blank\" rel=\"noreferrer noopener\"><\/a><a href=\"https:\/\/html.brunnereichhof.ch\/domains\/lohnjaeterei.ch\/wp-content\/uploads\/2024\/03\/AGB_F_ConditionsGenerales_2024_BrunnerEichhof_Lohnjaeterei.pdf\" data-type=\"link\" data-id=\"https:\/\/html.brunnereichhof.ch\/domains\/lohnjaeterei.ch\/wp-content\/uploads\/2024\/03\/AGB_F_ConditionsGenerales_2024_BrunnerEichhof_Lohnjaeterei.pdf\">Conditions d&#8217;utilisation\u00a0 2024<\/a><\/p>\n","protected":false},"excerpt":{"rendered":"<p>Conditions d&#8217;utilisation\u00a0 2024<\/p>\n","protected":false},"author":5,"featured_media":0,"parent":0,"menu_order":0,"comment_status":"closed","ping_status":"closed","template":"","meta":{"_coblocks_attr":"","_coblocks_dimensions":"","_coblocks_responsive_height":"","_coblocks_accordion_ie_support":"","_crdt_document":"","om_disable_all_campaigns":false,"_uag_custom_page_level_css":"","advgb_blocks_editor_width":"","advgb_blocks_columns_visual_guide":"","_monsterinsights_skip_tracking":false,"_monsterinsights_sitenote_active":false,"_monsterinsights_sitenote_note":"","_monsterinsights_sitenote_category":0,"_uf_show_specific_survey":0,"_uf_disable_surveys":false,"footnotes":""},"class_list":["post-517","page","type-page","status-publish","hentry"],"lang":"fr","translations":{"fr":517,"de":40},"uagb_featured_image_src":{"full":false,"thumbnail":false,"medium":false,"medium_large":false,"large":false,"1536x1536":false,"2048x2048":false,"twentyseventeen-featured-image":false,"twentyseventeen-thumbnail-avatar":false},"uagb_author_info":{"display_name":"Stefan Brunner","author_link":"https:\/\/html.brunnereichhof.ch\/domains\/lohnjaeterei.ch\/author\/stefan\/"},"uagb_comment_info":0,"uagb_excerpt":"Conditions d&#8217;utilisation\u00a0 2024","coauthors":[],"author_meta":{"author_link":"https:\/\/html.brunnereichhof.ch\/domains\/lohnjaeterei.ch\/author\/stefan\/","display_name":"Stefan Brunner"},"relative_dates":{"created":"Ver\u00f6ffentlicht 5\u00a0Jahren vor","modified":"Aktualisiert 2\u00a0Jahren vor"},"absolute_dates":{"created":"Ver\u00f6ffentlicht am 09-02-21","modified":"Aktualisiert am 04-03-24"},"absolute_dates_time":{"created":"Ver\u00f6ffentlicht am 09-02-21 14:38","modified":"Aktualisiert am 04-03-24 11:48"},"featured_img_caption":"","featured_img":false,"series_order":"","pll_sync_post":[],"_links":{"self":[{"href":"https:\/\/html.brunnereichhof.ch\/domains\/lohnjaeterei.ch\/wp-json\/wp\/v2\/pages\/517","targetHints":{"allow":["GET"]}}],"collection":[{"href":"https:\/\/html.brunnereichhof.ch\/domains\/lohnjaeterei.ch\/wp-json\/wp\/v2\/pages"}],"about":[{"href":"https:\/\/html.brunnereichhof.ch\/domains\/lohnjaeterei.ch\/wp-json\/wp\/v2\/types\/page"}],"author":[{"embeddable":true,"href":"https:\/\/html.brunnereichhof.ch\/domains\/lohnjaeterei.ch\/wp-json\/wp\/v2\/users\/5"}],"replies":[{"embeddable":true,"href":"https:\/\/html.brunnereichhof.ch\/domains\/lohnjaeterei.ch\/wp-json\/wp\/v2\/comments?post=517"}],"version-history":[{"count":8,"href":"https:\/\/html.brunnereichhof.ch\/domains\/lohnjaeterei.ch\/wp-json\/wp\/v2\/pages\/517\/revisions"}],"predecessor-version":[{"id":821,"href":"https:\/\/html.brunnereichhof.ch\/domains\/lohnjaeterei.ch\/wp-json\/wp\/v2\/pages\/517\/revisions\/821"}],"wp:attachment":[{"href":"https:\/\/html.brunnereichhof.ch\/domains\/lohnjaeterei.ch\/wp-json\/wp\/v2\/media?parent=517"}],"curies":[{"name":"wp","href":"https:\/\/api.w.org\/{rel}","templated":true}]}}